 d(j) = -2 - 3*j**2 + 1 - j**3 + 5*j**2 - 6*j - 4*j**2. What are the prime factors of d(-4)?
5, 11
Let t be 2*(3 - (-2)/(-1)). Suppose 3*h = 2*z + 19, t*h - 2*z = -5*z - 9. List the prime factors of h.
3
Let s(b) = -b**3 - 5*b**2 + 7*b + 6. Let u be (-23)/4 + (-2)/8. Let m be s(u). Suppose m = -4*c + 5*j + 51 + 27, 45 = 3*c + 3*j. List the prime factors of c.
17
Suppose 0 = -5*h + 4*x + 120, h + 0*h - x - 24 = 0. Suppose -d = 2*d + h. What are the prime factors of (72/d)/((-6)/4)?
2, 3
Let z be 4 + 0 + (-6)/(-3). What are the prime factors of 9/z*2*3?
3
List the prime factors of (0/(-2) + (-36)/24)*-38.
3, 19
Let f be (-5)/(-4)*(17 - -3). Suppose -4*k - 12 = -3*p - 33, -5*p - f = -5*k. What are the prime factors of 1/2*k*3?
3
Let f(o) = -9*o**2 - o - 1. Let z be f(-1). Let y be (-1 - -15) + 1 + 1. Let s = z + y. What are the prime factors of s?
7
Let d(z) = -5 - 2*z + 0 + 0. Let o be (3 + 9/(-6))*-6. List the prime factors of d(o).
13
Suppose g = -5*d + 13, -3*d + 2*g + 15 = -g. Suppose 0 = -5*c - d*l + 4 + 1, -2*c = -5*l - 33. What are the prime factors of c?
2
Suppose 2*d + 4 = 4*h - 0, 0 = 5*d + 3*h - 29. Suppose -d*f + 4*o = -28, f + o = 5*f - 34. List the prime factors of f.
3
Let s = 7 - -3. Suppose 5*u = 4*g + 3*u - 2, -g - 5*u = 5. Suppose g = 5*o - 6*o + s. List the prime factors of o.
2, 5
Let r = 3 - -1. Let w(v) = 6*v - 2 + 0*v + 1 - v**2. List the prime factors of w(r).
7
Suppose 7 = -3*a - 11. Let z be (-131)/(-6) + (-1)/a. Suppose z = -2*y + 4*y. What are the prime factors of y?
11
Suppose 118 = 3*j - 5*d, 3*d - d + 103 = 3*j. List the prime factors of j.
31
Suppose 2*k = -k + 9. Suppose k*n + 5*s + 8 = 0, 2*n - 1 = 2*s + s. List the prime factors of (2/3)/(n/(-18)).
2, 3
Let a(u) = 194*u**2 + 5*u - 3. What are the prime factors of a(1)?
2, 7
Suppose -2*a + 4*w + 34 = a, -5*w + 5 = a. Suppose -a = -4*t + 22. List the prime factors of t.
2
Let a(c) = c**3 - 2*c - 3. Let o be a(-3). Let y = -52 - o. Let d = y + 43. What are the prime factors of d?
3, 5
Suppose -451 = -2*z - 2*z - u, -z + 2*u + 115 = 0. What are the prime factors of z?
113
Let p(i) = -11*i - 2. What are the prime factors of p(-2)?
2, 5
Let c(s) = -s**2 + 2*s + 5. Let w be c(-4). Let h = -2 - w. Suppose 3*q - 21 + 7 = -m, -3*q + 2*m = -h. What are the prime factors of q?
5
Let g = 2 + -3. Let c be (g + 1)/(2 + -1). Suppose c = -y + 3, -3 = -2*v + y. List the prime factors of v.
3
Suppose -v - 16 = -3*v. Suppose 0*h + 2*h = 24. Let m = h - v. What are the prime factors of m?
2
Let g = -7 + 5. Let m(c) = c**2 - c - 2. Let w be m(g). List the prime factors of 8/6 + w/6.
2
Let b(r) = 2*r**2 - 11*r + 10. What are the prime factors of b(7)?
31
Suppose 2*q = -h + 355, -192 = 5*h + 3*q - 1967. List the prime factors of h.
5, 71
Let s = -5 - -7. Suppose s*p = -2*p. Suppose t + p*r - 22 = -5*r, 2*r = 6. What are the prime factors of t?
7
Let v(a) = 83*a**2 - 5*a - 3. What are the prime factors of v(-2)?
3, 113
Suppose 0 = 5*z - 335 + 60. What are the prime factors of z?
5, 11
Suppose -270 = -2*u - u. What are the prime factors of u?
2, 3, 5
Suppose 6 = -r + 3*r. Suppose -r*i + 2*v - 1 = 4, 0 = -2*i - 4*v - 14. Let m(h) = h**2 + h - 1. List the prime factors of m(i).
5
Let u = 174 + 12. List the prime factors of u.
2, 3, 31
Let w = -27 + 37. List the prime factors of w.
2, 5
Suppose 0 = 5*r - 2*r + 33. What are the prime factors of (-16)/5*(r + 6)?
2
Let b = 5 - 7. Let k(v) = v**3 + 4*v**2 + 4*v - 4. Let p(t) = 2*t**3 + 7*t**2 + 7*t - 7. Let g(i) = 5*k(i) - 3*p(i). What are the prime factors of g(b)?
7
Suppose 8 = -9*a + 10*a. What are the prime factors of a?
2
Let u = -4 + 20. What are the prime factors of u?
2
Suppose -2*c - 2*d = -54, 3*d - 5 = 2*d. Suppose a = 3*a - c. Suppose -27 = -2*h + a. What are the prime factors of h?
19
Let f(n) = 3*n**2 + 12*n + 22. List the prime factors of f(-7).
5, 17
Let d be (-42)/5 - (-8)/20. Let q(f) = -f - 4. Let h be q(d). Let o = 0 + h. What are the prime factors of o?
2
Let v = -8 + 8. Suppose v*h + 4*h = 16. Suppose 2*y = y + h. What are the prime factors of y?
2
Let x be 2/5*(-5 - 0). Let a(p) = 4*p**3 - p**2 + 1. Let g be a(1). Let k = g + x. What are the prime factors of k?
2
Suppose 6*k = 21*k - 2730. List the prime factors of k.
2, 7, 13
Suppose -3 - 9 = -2*m. Let v be (-5)/((-15)/m) + -9. What are the prime factors of 61/7 - 2/v?
3
Let f(j) = -7 + 0*j**2 - j - 8*j**2 + 9*j**2. What are the prime factors of f(-5)?
23
Let j = 7 - -5. Suppose -3 = 3*h - j. List the prime factors of h*42/(-27)*-3.
2, 7
Suppose 4*s - 25 = -145. Let y = s - -53. List the prime factors of y.
23
Let y(m) = m**3 + 5*m**2 - m + 9. What are the prime factors of y(-4)?
29
Suppose 4*i - 5 = -17. List the prime factors of (2 - i/2)*10.
5, 7
Let j(c) = c**2 - 11*c - 11. Let t be j(12). Let o(k) = 14*k**2 + 2*k - 1. What are the prime factors of o(t)?
3, 5
Suppose 5*t - 336 = -56. List the prime factors of t.
2, 7
Suppose -3*s - 18 = -114. Suppose 3*r = 110 - s. What are the prime factors of r?
2, 13
Let c(r) = -3*r**3. Let m be c(-1). Suppose f + 5*v - 2 = 28, -m*f - 4*v = -35. What are the prime factors of f?
5
Suppose 2*y + 3*s = 54, 2*s - 72 = -3*y + 14. List the prime factors of y.
2, 3, 5
Suppose -3*q - 2*v + 916 = 0, q - 302 = -2*v - 2*v. List the prime factors of q.
2, 3, 17
Let s(b) = -10*b**2 - 3*b. Let i be s(-5). List the prime factors of 2/(-3) + i/(-15).
3, 5
List the prime factors of 6/21 + 290/14.
3, 7
Let x(m) be the first derivative of 0*m + 1/4*m**4 - 1 + 5/2*m**2 + 7/3*m**3. List the prime factors of x(-6).
2, 3
Let v(c) = c**3 - 9*c**2 + 9*c - 11. Let p be v(8). Let o = p + 21. What are the prime factors of o?
2, 3
Let l(m) = -m**3 + 3*m**2 - 2*m - 2. Let a be l(3). Let q be (-2)/(-5) - a/5. Suppose 8 + 2 = q*k. List the prime factors of k.
5
Let w(j) = 2*j**2 - 4*j + 2. Let n be w(2). Let t(p) = -7*p**3 + p**3 - p - 1 + 0*p**3 - p**n. List the prime factors of t(-1).
5
Suppose -3*v + 17 + 16 = 0. What are the prime factors of v?
11
Let w(u) = 0*u**2 + u**3 + 8*u - 9*u + 3*u**2. Let i be w(-4). Let m = i - -23. What are the prime factors of m?
11
Let z(n) = -n**2 - 3*n + 2. Let h be z(3). Let a = 5 + h. Let x = a - -20. List the prime factors of x.
3
Let r = -27 + 36. What are the prime factors of r?
3
Let y = -6 - -8. Suppose -4*w = -y*w. Suppose 3*f = -w*f - 2*p + 37, -4*f + 46 = 2*p. List the prime factors of f.
3
Suppose p - 437 = -22*p. List the prime factors of p.
19
Let l(d) = d**3 - d**2 - d + 14. Let u be -2*(-1)/6*-3. Let n be u/(-2)*(-5 - -5). List the prime factors of l(n).
2, 7
Let z(a) = -a + a**2 - 4 + 1 - 4*a**2 + 4*a**2. List the prime factors of z(-3).
3
Let k(j) = 2*j + 10. Let d(u) = -5*u - 29. Let n(q) = 4*d(q) + 11*k(q). Let z be n(6). What are the prime factors of (-4)/(-2) + 1*z?
2
Suppose -11*c + 16*c - 120 = 0. What are the prime factors of c?
2, 3
Let d = -6 - -5. Let i be (d + 0 - -9)/2. Suppose -3*t + 3*m + 39 = -0*m, 5*t + i*m = 38. What are the prime factors of t?
2, 5
Let s(a) = -4*a - 4. Let f be s(3). Let g = -37 - -26. Let o = g - f. List the prime factors of o.
5
Let r(m) = 32*m - 20. What are the prime factors of r(4)?
2, 3
Suppose 3*c + 55 - 9 = -2*o, 0 = 2*o - 2*c + 36. Suppose v - 87 = -2*v - f, 5*f = 2*v - 41. Let w = v + o. List the prime factors of w.
2
Suppose -y - 5*s + 29 = 0, 2*y - 3*s + 8*s - 38 = 0. Let m = -12 + 8. Let i = y + m. What are the prime factors of i?
5
Let q = -9 + 88. List the prime factors of q.
79
Suppose -u = -3*m + 75, m = u - 0 + 25. Let n = m - 18. Suppose -s - 2 = -n. List the prime factors of s.
5
Suppose -65 = -2*j - 3*j. List the prime factors of j.
13
Let m = -16 + -4. What are the prime factors of (0/1)/(-4) - m?
2, 5
Let p = 79 + -51. What are the prime factors of p?
2, 7
Let j(b) = 2*b - 5. Let g be j(5). Suppose -2*u = -z - 13 - 19, u - g*z = 16. What are the prime factors of u?
2
Let y(a) = a + 14. Let c be y(-9). Suppose r - 5*u = -8, r = -2*r - c*u + 76. List the prime factors of r.
17
Let o(l) = -6*l**2 - l + 4. What are the prime factors of o(0)?
2
Suppose -q = -2*q + 110. Let x be ((-20)/(-25))/(4/q). Let v = x - 14. List the prime factors of v.
2
Let y(b) = 3*b - 2. Let s(i) = 3*i**2 - 1. Let p = 1 + -2. Let n be s(p). What are the prime factors of y(n)